{"id":3424,"date":"2018-12-04T09:07:42","date_gmt":"2018-12-04T08:07:42","guid":{"rendered":"https:\/\/procirque.ch\/?page_id=3424"},"modified":"2019-06-06T11:46:38","modified_gmt":"2019-06-06T09:46:38","slug":"verzeichnis-2017","status":"publish","type":"page","link":"https:\/\/procirque.ch\/de\/verzeichnis\/verzeichnis-2017\/","title":{"rendered":"Das Zirkusverzeichnis 2017"},"content":{"rendered":"<a href=\"https:\/\/issuu.com\/procirque\/docs\/procirque-repertoire-verzeichnis-re\" class=\"su-button su-button-style-default su-button-wide\" style=\"color:#000000;background-color:#e5e5e5;border-color:#b8b8b8;border-radius:0px\" target=\"_blank\" rel=\"noopener noreferrer\"><span style=\"color:#000000;padding:6px 16px;font-size:13px;line-height:20px;border-color:#ededed;border-radius:0px;text-shadow:0px 0px 0px #000000\"><i class=\"sui sui-external-link\" style=\"font-size:13px;color:#3f88c5\"><\/i> <strong>Das Verzeichnis 2017 on-line lesen: issuu.com\/procirque\/docs\/procirque-repertoire-verzeichnis<\/strong><\/span><\/a>\n<figure id=\"attachment_1737\" aria-describedby=\"caption-attachment-1737\" style=\"width: 213px\" class=\"wp-caption alignright\"><img loading=\"lazy\" decoding=\"async\" class=\"size-medium wp-image-1737\" src=\"https:\/\/www.procirque.ch\/wp-content\/uploads\/2017\/03\/procirque-repertoire-verzeichnis-repertorio-2017-213x300.jpg\" alt=\"\" width=\"213\" height=\"300\" srcset=\"https:\/\/procirque.ch\/wp-content\/uploads\/2017\/03\/procirque-repertoire-verzeichnis-repertorio-2017-213x300.jpg 213w, https:\/\/procirque.ch\/wp-content\/uploads\/2017\/03\/procirque-repertoire-verzeichnis-repertorio-2017-768x1081.jpg 768w, https:\/\/procirque.ch\/wp-content\/uploads\/2017\/03\/procirque-repertoire-verzeichnis-repertorio-2017-727x1024.jpg 727w, https:\/\/procirque.ch\/wp-content\/uploads\/2017\/03\/procirque-repertoire-verzeichnis-repertorio-2017.jpg 1795w\" sizes=\"auto, (max-width: 213px) 100vw, 213px\" \/><figcaption id=\"caption-attachment-1737\" class=\"wp-caption-text\">Zirkusverzeichnis 2017<\/figcaption><\/figure>\n<p><strong>Das Schweizer Zirkusverzeichnis 2017 enth\u00e4lt Informationen zu nicht weniger als hundert K\u00fcnstlerInnen, Compagnien, Orten (Theater, Residenzorte, Probelokalit\u00e4ten) und Zirkusfestivals in allen Regionen der Schweiz und widerspiegelt die grosse Bandbreite des aktuellen Zirkus hierzulande.<\/strong><\/p>\n<p>Zu unserer Freude entwickelt sich die Szene mit grosser Dynamik, und das Verzeichnis ist daf\u00fcr ein tatkr\u00e4ftiger Beweis. Wir sind \u00fcberzeugt, dass dieses Verzeichnis zur besseren Vernetzung unter den diversen Akteuren beitr\u00e4gt, und hoffen, dass daraus neue und spannende Zirkusprojekte entstehen werden.<\/p>\n<p>Der Vorstand m\u00f6chte sich bei den Mitgliedern der ersten Stunde und den dazu gestossenen f\u00fcr das gemeinsame Einstehen f\u00fcr den Schweizer Zirkus herzlich bedanken. Ein grosses Dankesch\u00f6n geht auch an die KTV \/ ATP f\u00fcr die grossz\u00fcgige Unterst\u00fctzung und nat\u00fcrlich an alle jene, die durch ihre Anzeigen und ihre Mithilfe die Realisierung dieses Projektes erm\u00f6glicht haben. Zum Schluss darf auch No\u00e9 F\u00e9ret nicht vergessen werden. Er hat das ganze Verzeichnis gestaltet und in Form gebracht.<\/p>\n<p>&nbsp;<\/p>\n<p><iframe loading=\"lazy\" src=\"https:\/\/www.youtube.com\/embed\/cDOHyd0bbp0\" width=\"1280\" height=\"720\" frameborder=\"0\" allowfullscreen=\"allowfullscreen\"><\/iframe><\/p>\n","protected":false},"excerpt":{"rendered":"<div class=\"mh-excerpt\"><p>Das Schweizer Zirkusverzeichnis 2017 enth\u00e4lt Informationen zu nicht weniger als hundert K\u00fcnstlerInnen, Compagnien, Orten (Theater, Residenzorte, Probelokalit\u00e4ten) und Zirkusfestivals in allen Regionen der Schweiz und widerspiegelt die grosse Bandbreite des aktuellen Zirkus hierzulande. Zu unserer <a class=\"mh-excerpt-more\" href=\"https:\/\/procirque.ch\/de\/verzeichnis\/verzeichnis-2017\/\" title=\"Das Zirkusverzeichnis 2017\">[&#8230;]<\/a><\/p>\n<\/div>","protected":false},"author":1,"featured_media":0,"parent":1987,"menu_order":0,"comment_status":"closed","ping_status":"closed","template":"","meta":{"_mc_calendar":[],"footnotes":""},"class_list":["post-3424","page","type-page","status-publish"],"_links":{"self":[{"href":"https:\/\/procirque.ch\/de\/wp-json\/wp\/v2\/pages\/3424\/"}],"collection":[{"href":"https:\/\/procirque.ch\/de\/wp-json\/wp\/v2\/pages\/"}],"about":[{"href":"https:\/\/procirque.ch\/de\/wp-json\/wp\/v2\/types\/page\/"}],"author":[{"embeddable":true,"href":"https:\/\/procirque.ch\/de\/wp-json\/wp\/v2\/users\/1\/"}],"replies":[{"embeddable":true,"href":"https:\/\/procirque.ch\/de\/wp-json\/wp\/v2\/comments\/?post=3424"}],"version-history":[{"count":3,"href":"https:\/\/procirque.ch\/de\/wp-json\/wp\/v2\/pages\/3424\/revisions\/"}],"predecessor-version":[{"id":3709,"href":"https:\/\/procirque.ch\/de\/wp-json\/wp\/v2\/pages\/3424\/revisions\/3709\/"}],"up":[{"embeddable":true,"href":"https:\/\/procirque.ch\/de\/wp-json\/wp\/v2\/pages\/1987\/"}],"wp:attachment":[{"href":"https:\/\/procirque.ch\/de\/wp-json\/wp\/v2\/media\/?parent=3424"}],"curies":[{"name":"wp","href":"https:\/\/api.w.org\/{rel}","templated":true}]}}

<a href="https://issuu.com/procirque/docs/procirque-repertoire-verzeichnis-re" class="su-button su-button-style-default su-button-wide" style="color:#000000;background-color:#e5e5e5;border-color:#b8b8b8;border-radius:0px" target="_blank" rel="noopener noreferrer"><span style="color:#000000;padding:6px 16px;font-size:13px;line-height:20px;border-color:#ededed;border-radius:0px;text-shadow:0px 0px 0px #000000"><i class="sui sui-external-link" style="font-size:13px;color:#3f88c5"></i> <strong>Das Verzeichnis 2017 on-line lesen: issuu.com/procirque/docs/procirque-repertoire-verzeichnis</strong></span></a>
<figure id="attachment_1737" aria-describedby="caption-attachment-1737" style="width: 213px" class="wp-caption alignright"><img loading="lazy" decoding="async" class="size-medium wp-image-1737" src="https://www.procirque.ch/wp-content/uploads/2017/03/procirque-repertoire-verzeichnis-repertorio-2017-213x300.jpg" alt="" width="213" height="300" srcset="https://procirque.ch/wp-content/uploads/2017/03/procirque-repertoire-verzeichnis-repertorio-2017-213x300.jpg 213w, https://procirque.ch/wp-content/uploads/2017/03/procirque-repertoire-verzeichnis-repertorio-2017-768x1081.jpg 768w, https://procirque.ch/wp-content/uploads/2017/03/procirque-repertoire-verzeichnis-repertorio-2017-727x1024.jpg 727w, https://procirque.ch/wp-content/uploads/2017/03/procirque-repertoire-verzeichnis-repertorio-2017.jpg 1795w" sizes="auto, (max-width: 213px) 100vw, 213px" /><figcaption id="caption-attachment-1737" class="wp-caption-text">Zirkusverzeichnis 2017</figcaption></figure>
<p><strong>Das Schweizer Zirkusverzeichnis 2017 enthält Informationen zu nicht weniger als hundert KünstlerInnen, Compagnien, Orten (Theater, Residenzorte, Probelokalitäten) und Zirkusfestivals in allen Regionen der Schweiz und widerspiegelt die grosse Bandbreite des aktuellen Zirkus hierzulande.</strong></p>
<p>Zu unserer Freude entwickelt sich die Szene mit grosser Dynamik, und das Verzeichnis ist dafür ein tatkräftiger Beweis. Wir sind überzeugt, dass dieses Verzeichnis zur besseren Vernetzung unter den diversen Akteuren beiträgt, und hoffen, dass daraus neue und spannende Zirkusprojekte entstehen werden.</p>
<p>Der Vorstand möchte sich bei den Mitgliedern der ersten Stunde und den dazu gestossenen für das gemeinsame Einstehen für den Schweizer Zirkus herzlich bedanken. Ein grosses Dankeschön geht auch an die KTV / ATP für die grosszügige Unterstützung und natürlich an alle jene, die durch ihre Anzeigen und ihre Mithilfe die Realisierung dieses Projektes ermöglicht haben. Zum Schluss darf auch Noé Féret nicht vergessen werden. Er hat das ganze Verzeichnis gestaltet und in Form gebracht.</p>
<p>&nbsp;</p>
<p><iframe loading="lazy" src="https://www.youtube.com/embed/cDOHyd0bbp0" width="1280" height="720" frameborder="0" allowfullscreen="allowfullscreen"></iframe></p>

<div class="mh-excerpt"><p>Das Schweizer Zirkusverzeichnis 2017 enthält Informationen zu nicht weniger als hundert KünstlerInnen, Compagnien, Orten (Theater, Residenzorte, Probelokalitäten) und Zirkusfestivals in allen Regionen der Schweiz und widerspiegelt die grosse Bandbreite des aktuellen Zirkus hierzulande. Zu unserer <a class="mh-excerpt-more" href="https://procirque.ch/de/verzeichnis/verzeichnis-2017/" title="Das Zirkusverzeichnis 2017">[&#8230;]</a></p>
</div>
