{"id":2066,"date":"2017-03-10T08:42:09","date_gmt":"2017-03-10T07:42:09","guid":{"rendered":"https:\/\/www.procirque.ch\/?page_id=2066\/"},"modified":"2022-04-05T07:26:13","modified_gmt":"2022-04-05T05:26:13","slug":"faq","status":"publish","type":"page","link":"https:\/\/procirque.ch\/de\/mitglieder\/faq\/","title":{"rendered":"FAQ \u2013\u00a0H\u00e4ufig gestellte Fragen"},"content":{"rendered":"<div class=\"su-service\"><div class=\"su-service-title\" style=\"padding-left:34px;min-height:20px;line-height:20px\"><i class=\"sui sui-users\" style=\"font-size:20px;color:#4b7f52\"><\/i> Was ist ein Berufsverband?<\/div><div class=\"su-service-content su-u-clearfix su-u-trim\" style=\"padding-left:34px\">Nach dem Motto \u201eGemeinsam ist man stark\u201c, vereint der gemeinn\u00fctzige Berufsverband die Individuen einer Berufsgattung, um die Interessen der Sparte zu vertreten und gemeinsam die Zukunft des Sektors zu gestalten.<\/div><\/div>\n<div class=\"su-service\"><div class=\"su-service-title\" style=\"padding-left:34px;min-height:20px;line-height:20px\"><i class=\"sui sui-question-circle\" style=\"font-size:20px;color:#4b7f52\"><\/i> Und was ist ProCirque genau?<\/div><div class=\"su-service-content su-u-clearfix su-u-trim\" style=\"padding-left:34px\">Gegr\u00fcndet 2013, ist ProCirque die Vereinigung der professionellen Schweizer Zirkusschaffenden, der sowohl ArtistInnen wie auch TechnikerInnen, RegisseurInnen etc. angeh\u00f6ren.<\/div><\/div>\n<div class=\"su-service\"><div class=\"su-service-title\" style=\"padding-left:34px;min-height:20px;line-height:20px\"><i class=\"sui sui-comments\" style=\"font-size:20px;color:#4b7f52\"><\/i> Warum ist ein politischer Dialog unabdingbar?<\/div><div class=\"su-service-content su-u-clearfix su-u-trim\" style=\"padding-left:34px\">Um die Anerkennung unseres Sektors voranzutreiben und damit beispielsweise Zugang zu F\u00f6rdermitteln f\u00fcr circensische Kreationen zu erlangen, ist es notwendig Verbindungen mit den politischen und kulturellen Stellen in unserem Land zu kn\u00fcpfen. Die beh\u00f6rdlichen Stellen, wie etwa das BAK, verlangen nach einem einzigen Partner, der die gesamte Sparte vertritt; ProCirque erf\u00fcllt diese Mission seit seiner Gr\u00fcndung.<\/div><\/div>\n<div class=\"su-service\"><div class=\"su-service-title\" style=\"padding-left:34px;min-height:20px;line-height:20px\"><i class=\"sui sui-star\" style=\"font-size:20px;color:#4b7f52\"><\/i> Was sind meine Vorteile, wenn ich Mitglied bin?<\/div><div class=\"su-service-content su-u-clearfix su-u-trim\" style=\"padding-left:34px\">Als Mitglied erhalten ich regelm\u00e4ssige Informationen zum aktuellen Geschehen in der Schweizer Zirkusszene. Ich kann meine eigenen Informationen via unseren Newsletter, auf unserer <a href=\"https:\/\/www.facebook.com\/procirque\" target=\"_blank\" rel=\"noopener noreferrer\">facebook<\/a>&#8211; oder Internetseite gratis publizieren. Mitglieder erhalten ein Exemplar des Schweizerischen Zirkus Verzeichnisses offeriert. Als Mitglied habe ich Stimm- und Wahlrecht an der Generalversammlung und kann so die Zukunft des Verbandes und seine Aktivit\u00e4ten mitbestimmen. Aktivmitglieder erhalten eine Mitgliedskarte, die ihren Status als professionelle Zirkusschaffende best\u00e4tigt und welche bei manchen Kulturorten zu Reduktionen f\u00fchrt.<\/div><\/div>\n<div class=\"su-service\"><div class=\"su-service-title\" style=\"padding-left:34px;min-height:20px;line-height:20px\"><i class=\"sui sui-money\" style=\"font-size:20px;color:#4b7f52\"><\/i> F\u00fcr was wird der Mitgliederbeitrag verwendet?<\/div><div class=\"su-service-content su-u-clearfix su-u-trim\" style=\"padding-left:34px\">Der Mitgliederbeitrag soll f\u00fcr alle erschwinglich sein und wird bewusst tief angesetzt (ab 50.- sFr. f\u00fcr Aktivmitglieder und ab 100.- sFr. f\u00fcr institutionelle Mitglieder). Der Mitgliederbeitrag erlaubt dem Verband \u00fcberhaupt zu funktionieren, sich f\u00fcr die gemeinsamen Ziele einzusetzen und zeugt vom Engagement der einzelnen Mitglieder.<\/div><\/div>\n<div class=\"su-service\"><div class=\"su-service-title\" style=\"padding-left:34px;min-height:20px;line-height:20px\"><i class=\"sui sui-user\" style=\"font-size:20px;color:#4b7f52\"><\/i> Wer sind die anderen Mitglieder?<\/div><div class=\"su-service-content su-u-clearfix su-u-trim\" style=\"padding-left:34px\">ProCirque z\u00e4hlt \u00fcber hundert Aktivmitglieder, d.h. in der Zirkusszene anerkannte Berufsschaffende; rund zwanzig institutionelle Mitglieder (\u00d6rtlichkeiten, Institutionen, Verb\u00e4nde), welche in Verbindung mit dem Zirkus stehen, sowie rund zehn Unterst\u00fctzungsmitglieder, welche durch ihre regelm\u00e4ssige Spende die Aktivit\u00e4ten des Verbandes unterst\u00fctzen.<\/div><\/div>\n<div class=\"su-service\"><div class=\"su-service-title\" style=\"padding-left:34px;min-height:20px;line-height:20px\"><i class=\"sui sui-gears\" style=\"font-size:20px;color:#4b7f52\"><\/i> Die Generalversammlung: Was ist das? Der Vorstand? Wer ist das?<\/div><div class=\"su-service-content su-u-clearfix su-u-trim\" style=\"padding-left:34px\">Die Generalversammlung (GV), das sind wir, das seid ihr! Wir versammeln uns einmal pro Jahr, um gemeinsam eine Diskussion \u00fcber den Verband, sowie \u00fcber seine Finanzen und Aktivit\u00e4ten zu f\u00fchren. Dies ist die Gelegenheit f\u00fcr alle Mitglieder, sich zu treffen, sich zu Ideen auszutauschen und \u00fcber die Zukunft des Verbandes und der Sparte zu entscheiden. Die GV w\u00e4hlt einen Vorstand von 7 Personen, welche den Verband vertreten und sich um das Alltagsgesch\u00e4ft und das Funktionieren des Verbandes k\u00fcmmern.<\/div><\/div>\n<p><img loading=\"lazy\" decoding=\"async\" class=\"size-medium wp-image-1697 alignleft\" src=\"https:\/\/www.procirque.ch\/wp-content\/uploads\/2017\/03\/Homme-fort-ProCirque-300x244.png\" alt=\"\" width=\"300\" height=\"244\" srcset=\"https:\/\/procirque.ch\/wp-content\/uploads\/2017\/03\/Homme-fort-ProCirque-300x244.png 300w, https:\/\/procirque.ch\/wp-content\/uploads\/2017\/03\/Homme-fort-ProCirque-768x625.png 768w, https:\/\/procirque.ch\/wp-content\/uploads\/2017\/03\/Homme-fort-ProCirque.png 969w\" sizes=\"auto, (max-width: 300px) 100vw, 300px\" \/><span style=\"color: #ffffff;\">.<\/span><\/p>\n<h2>Gemeinsam sind wir st\u00e4rker!<\/h2>\n","protected":false},"excerpt":{"rendered":"<div class=\"mh-excerpt\"><p>. Gemeinsam sind wir st\u00e4rker!<\/p>\n<\/div>","protected":false},"author":1,"featured_media":0,"parent":1981,"menu_order":0,"comment_status":"closed","ping_status":"closed","template":"","meta":{"_mc_calendar":[],"footnotes":""},"class_list":["post-2066","page","type-page","status-publish"],"_links":{"self":[{"href":"https:\/\/procirque.ch\/de\/wp-json\/wp\/v2\/pages\/2066\/"}],"collection":[{"href":"https:\/\/procirque.ch\/de\/wp-json\/wp\/v2\/pages\/"}],"about":[{"href":"https:\/\/procirque.ch\/de\/wp-json\/wp\/v2\/types\/page\/"}],"author":[{"embeddable":true,"href":"https:\/\/procirque.ch\/de\/wp-json\/wp\/v2\/users\/1\/"}],"replies":[{"embeddable":true,"href":"https:\/\/procirque.ch\/de\/wp-json\/wp\/v2\/comments\/?post=2066"}],"version-history":[{"count":5,"href":"https:\/\/procirque.ch\/de\/wp-json\/wp\/v2\/pages\/2066\/revisions\/"}],"predecessor-version":[{"id":4735,"href":"https:\/\/procirque.ch\/de\/wp-json\/wp\/v2\/pages\/2066\/revisions\/4735\/"}],"up":[{"embeddable":true,"href":"https:\/\/procirque.ch\/de\/wp-json\/wp\/v2\/pages\/1981\/"}],"wp:attachment":[{"href":"https:\/\/procirque.ch\/de\/wp-json\/wp\/v2\/media\/?parent=2066"}],"curies":[{"name":"wp","href":"https:\/\/api.w.org\/{rel}","templated":true}]}}

FAQ – Häufig gestellte Fragen

<div class="su-service"><div class="su-service-title" style="padding-left:34px;min-height:20px;line-height:20px"><i class="sui sui-users" style="font-size:20px;color:#4b7f52"></i> Was ist ein Berufsverband?</div><div class="su-service-content su-u-clearfix su-u-trim" style="padding-left:34px">Nach dem Motto „Gemeinsam ist man stark“, vereint der gemeinnützige Berufsverband die Individuen einer Berufsgattung, um die Interessen der Sparte zu vertreten und gemeinsam die Zukunft des Sektors zu gestalten.</div></div>
<div class="su-service"><div class="su-service-title" style="padding-left:34px;min-height:20px;line-height:20px"><i class="sui sui-question-circle" style="font-size:20px;color:#4b7f52"></i> Und was ist ProCirque genau?</div><div class="su-service-content su-u-clearfix su-u-trim" style="padding-left:34px">Gegründet 2013, ist ProCirque die Vereinigung der professionellen Schweizer Zirkusschaffenden, der sowohl ArtistInnen wie auch TechnikerInnen, RegisseurInnen etc. angehören.</div></div>
<div class="su-service"><div class="su-service-title" style="padding-left:34px;min-height:20px;line-height:20px"><i class="sui sui-comments" style="font-size:20px;color:#4b7f52"></i> Warum ist ein politischer Dialog unabdingbar?</div><div class="su-service-content su-u-clearfix su-u-trim" style="padding-left:34px">Um die Anerkennung unseres Sektors voranzutreiben und damit beispielsweise Zugang zu Fördermitteln für circensische Kreationen zu erlangen, ist es notwendig Verbindungen mit den politischen und kulturellen Stellen in unserem Land zu knüpfen. Die behördlichen Stellen, wie etwa das BAK, verlangen nach einem einzigen Partner, der die gesamte Sparte vertritt; ProCirque erfüllt diese Mission seit seiner Gründung.</div></div>
<div class="su-service"><div class="su-service-title" style="padding-left:34px;min-height:20px;line-height:20px"><i class="sui sui-star" style="font-size:20px;color:#4b7f52"></i> Was sind meine Vorteile, wenn ich Mitglied bin?</div><div class="su-service-content su-u-clearfix su-u-trim" style="padding-left:34px">Als Mitglied erhalten ich regelmässige Informationen zum aktuellen Geschehen in der Schweizer Zirkusszene. Ich kann meine eigenen Informationen via unseren Newsletter, auf unserer <a href="https://www.facebook.com/procirque" target="_blank" rel="noopener noreferrer">facebook</a>&#8211; oder Internetseite gratis publizieren. Mitglieder erhalten ein Exemplar des Schweizerischen Zirkus Verzeichnisses offeriert. Als Mitglied habe ich Stimm- und Wahlrecht an der Generalversammlung und kann so die Zukunft des Verbandes und seine Aktivitäten mitbestimmen. Aktivmitglieder erhalten eine Mitgliedskarte, die ihren Status als professionelle Zirkusschaffende bestätigt und welche bei manchen Kulturorten zu Reduktionen führt.</div></div>
<div class="su-service"><div class="su-service-title" style="padding-left:34px;min-height:20px;line-height:20px"><i class="sui sui-money" style="font-size:20px;color:#4b7f52"></i> Für was wird der Mitgliederbeitrag verwendet?</div><div class="su-service-content su-u-clearfix su-u-trim" style="padding-left:34px">Der Mitgliederbeitrag soll für alle erschwinglich sein und wird bewusst tief angesetzt (ab 50.- sFr. für Aktivmitglieder und ab 100.- sFr. für institutionelle Mitglieder). Der Mitgliederbeitrag erlaubt dem Verband überhaupt zu funktionieren, sich für die gemeinsamen Ziele einzusetzen und zeugt vom Engagement der einzelnen Mitglieder.</div></div>
<div class="su-service"><div class="su-service-title" style="padding-left:34px;min-height:20px;line-height:20px"><i class="sui sui-user" style="font-size:20px;color:#4b7f52"></i> Wer sind die anderen Mitglieder?</div><div class="su-service-content su-u-clearfix su-u-trim" style="padding-left:34px">ProCirque zählt über hundert Aktivmitglieder, d.h. in der Zirkusszene anerkannte Berufsschaffende; rund zwanzig institutionelle Mitglieder (Örtlichkeiten, Institutionen, Verbände), welche in Verbindung mit dem Zirkus stehen, sowie rund zehn Unterstützungsmitglieder, welche durch ihre regelmässige Spende die Aktivitäten des Verbandes unterstützen.</div></div>
<div class="su-service"><div class="su-service-title" style="padding-left:34px;min-height:20px;line-height:20px"><i class="sui sui-gears" style="font-size:20px;color:#4b7f52"></i> Die Generalversammlung: Was ist das? Der Vorstand? Wer ist das?</div><div class="su-service-content su-u-clearfix su-u-trim" style="padding-left:34px">Die Generalversammlung (GV), das sind wir, das seid ihr! Wir versammeln uns einmal pro Jahr, um gemeinsam eine Diskussion über den Verband, sowie über seine Finanzen und Aktivitäten zu führen. Dies ist die Gelegenheit für alle Mitglieder, sich zu treffen, sich zu Ideen auszutauschen und über die Zukunft des Verbandes und der Sparte zu entscheiden. Die GV wählt einen Vorstand von 7 Personen, welche den Verband vertreten und sich um das Alltagsgeschäft und das Funktionieren des Verbandes kümmern.</div></div>
<p><img loading="lazy" decoding="async" class="size-medium wp-image-1697 alignleft" src="https://www.procirque.ch/wp-content/uploads/2017/03/Homme-fort-ProCirque-300x244.png" alt="" width="300" height="244" srcset="https://procirque.ch/wp-content/uploads/2017/03/Homme-fort-ProCirque-300x244.png 300w, https://procirque.ch/wp-content/uploads/2017/03/Homme-fort-ProCirque-768x625.png 768w, https://procirque.ch/wp-content/uploads/2017/03/Homme-fort-ProCirque.png 969w" sizes="auto, (max-width: 300px) 100vw, 300px" /><span style="color: #ffffff;">.</span></p>
<h2>Gemeinsam sind wir stärker!</h2>

<div class="mh-excerpt"><p>. Gemeinsam sind wir stärker!</p>
</div>
