{"id":1967,"date":"2014-01-01T10:24:57","date_gmt":"2014-01-01T09:24:57","guid":{"rendered":"https:\/\/www.procirque.ch\/?page_id=1967\/"},"modified":"2025-08-25T09:29:51","modified_gmt":"2025-08-25T07:29:51","slug":"vorstand","status":"publish","type":"page","link":"https:\/\/procirque.ch\/de\/verband\/vorstand\/","title":{"rendered":"Der Vorstand ProCirque"},"content":{"rendered":"<h2 style=\"color: #08415c;\">Der Vorstand<\/h2>\n<p><strong><img loading=\"lazy\" decoding=\"async\" class=\"wp-image-4370 alignright\" src=\"https:\/\/procirque.ch\/wp-content\/uploads\/2021\/02\/max-150x150.jpg\" alt=\"\" width=\"90\" height=\"90\" srcset=\"https:\/\/procirque.ch\/wp-content\/uploads\/2021\/02\/max-150x150.jpg 150w, https:\/\/procirque.ch\/wp-content\/uploads\/2021\/02\/max.jpg 240w\" sizes=\"auto, (max-width: 90px) 100vw, 90px\" \/>Max Gnant<\/strong> (seit 2021)<br \/>\nFreischaffender Schauspieler (2019 und 2020 beim <a href=\"https:\/\/chnopf.ch\/\">Zirkus Chnopf<\/a>) und Produzent aus Z\u00fcrich. Ausbildung an der <a href=\"https:\/\/www.accademiadimitri.ch\/\">Accademia Teatro Dimitri<\/a> und der Theaterakademie Vorpommern. Engagements am <a href=\"https:\/\/www.tobs.ch\/\">TOBS<\/a> Biel\/Solothurn, der Vorpommerschen Landesb\u00fchne, dem Berliner Kriminaltheater, dem Theater an der Rott und dem Theater Heidelberg.<\/p>\n<p><strong>David Melendy<\/strong><img loading=\"lazy\" decoding=\"async\" class=\"alignright wp-image-5613\" src=\"https:\/\/procirque.ch\/wp-content\/uploads\/2024\/06\/David-Melendy3-copyright-Konstantin-Demeter-150x150.jpg\" alt=\"\" width=\"93\" height=\"93\" \/> est n\u00e9 en Californie en 1990. Il \u00e9tudie le clown au San Francisco Circus Center et accompli un bachelor en Th\u00e9\u00e2tre de mouvement \u00e0 l\u2019Acad\u00e9mie Dimitri au Tessin en 2012.\u00a0En dehors de son activit\u00e9 dans la <a href=\"https:\/\/lesdiptik.com\/la-compagnie\/\">Cie Les Diptik<\/a>, David a jou\u00e9 avec le Zirkus Fahraway (CH) en 2016, a fait la mod\u00e9ration pour diff\u00e9rents \u00e9v\u00e9nements (World Theater Day \u00e0 UNESCO, Remise des Prix Suisses des la Sc\u00e8ne 2022), donne r\u00e9guli\u00e8rement des cours de clowns et fait des mises en sc\u00e8ne. En 2020, il a achev\u00e9 son master \u00e0 l\u2019Acad\u00e9mie Dimitri et en 2024, a obtenu la nationalit\u00e9 suisse.<\/p>\n<p><strong><img loading=\"lazy\" decoding=\"async\" class=\"wp-image-4367 alignright\" src=\"https:\/\/procirque.ch\/wp-content\/uploads\/2021\/02\/mario-150x150.jpg\" alt=\"\" width=\"90\" height=\"90\" srcset=\"https:\/\/procirque.ch\/wp-content\/uploads\/2021\/02\/mario-150x150.jpg 150w, https:\/\/procirque.ch\/wp-content\/uploads\/2021\/02\/mario.jpg 240w\" sizes=\"auto, (max-width: 90px) 100vw, 90px\" \/>Mario Muntwyler<\/strong> (seit 2021)<br \/>\nArtist, ausgebildeter Kaufmann und seit vielen Jahren im Familienunternehmen, der <a href=\"https:\/\/circus-monti.ch\/\">Circus Monti<\/a> AG, t\u00e4tig. Seit einigen Jahren vor allem im administrativen Bereich, verantwortlich f\u00fcr die Bereiche Finanzen und EDV wie auch weiteren Arbeiten im B\u00fcro. Nebenbei weiterhin als Jongleur auf der B\u00fchne.<\/p>\n<p><strong><img loading=\"lazy\" decoding=\"async\" class=\"wp-image-4373 alignright\" src=\"https:\/\/procirque.ch\/wp-content\/uploads\/2021\/02\/nina-150x150.jpg\" alt=\"\" width=\"90\" height=\"90\" srcset=\"https:\/\/procirque.ch\/wp-content\/uploads\/2021\/02\/nina-150x150.jpg 150w, https:\/\/procirque.ch\/wp-content\/uploads\/2021\/02\/nina.jpg 240w\" sizes=\"auto, (max-width: 90px) 100vw, 90px\" \/>Nina Pign\u00e9 <\/strong>(seit 2016)<br \/>\nAttrice, regista, co-fondatrice del <a href=\"http:\/\/www.spettatori.net\" target=\"_blank\" rel=\"noopener noreferrer\">Collettivo Spettatori<\/a>, programmatrice del <a href=\"http:\/\/www.plusqile.ch\" target=\"_blank\" rel=\"noopener noreferrer\">plusQ&#8217;\u00eele<\/a> festival a Bienne (CH), diplomata della Scuola Teatro Dimitri (CH), formata alla Scuola di circo CODARTS a Rotterdam (NL), istruttrice di Pilates.<\/p>\n<p><strong>Sarah Simili<\/strong> (2013&gt;2018 ; depuis 2024)<img loading=\"lazy\" decoding=\"async\" class=\"wp-image-5631 alignright\" src=\"https:\/\/procirque.ch\/wp-content\/uploads\/2024\/06\/Sarah-150x150.png\" alt=\"\" width=\"91\" height=\"91\" \/><br \/>\nArtiste de cirque, p\u00e9dagogue, chercheuse. Directrice artistique de la compagnie valaisanne <a href=\"https:\/\/labocirque.wixsite.com\/labocirque\/\">Courant d\u2019Cirque<\/a>, des projet(s) encirqu\u00e9, du <a href=\"https:\/\/labocirque.wixsite.com\/labocirque\/\">LABO\u2019Cirque<\/a> et de la rencontre internationale de jeunes artistes <a href=\"https:\/\/www.axecirque.com\/\">Ax\u00e9 Cirque<\/a>. Co-directrice du projet reboot &#8211; cirque et transmission.<strong>\u00a0<\/strong><\/p>\n<h2 style=\"color: #08415c;\">Die Koordinatorin<\/h2>\n<p><b>Silvan Rechsteiner (depuis 2025)<\/b><br \/>\nAusgebildeter Kaufmann und B\u00fchnenautor. Silvan schreibt Texte f\u00fcrs Theater und leitet Theaterproduktionen.<\/p>\n<p><b>Irene Mathys <\/b>(seit 2022)<img loading=\"lazy\" decoding=\"async\" class=\"alignright wp-image-4638\" src=\"https:\/\/procirque.ch\/wp-content\/uploads\/2022\/03\/Foto-Irene-225x300.jpg\" alt=\"\" width=\"85\" height=\"113\" srcset=\"https:\/\/procirque.ch\/wp-content\/uploads\/2022\/03\/Foto-Irene-225x300.jpg 225w, https:\/\/procirque.ch\/wp-content\/uploads\/2022\/03\/Foto-Irene-768x1024.jpg 768w, https:\/\/procirque.ch\/wp-content\/uploads\/2022\/03\/Foto-Irene-1152x1536.jpg 1152w, https:\/\/procirque.ch\/wp-content\/uploads\/2022\/03\/Foto-Irene-1536x2048.jpg 1536w, https:\/\/procirque.ch\/wp-content\/uploads\/2022\/03\/Foto-Irene-scaled.jpg 1920w\" sizes=\"auto, (max-width: 85px) 100vw, 85px\" \/><br \/>\nAusgebildete Kauffrau und Buchh\u00e4ndlerin. Zirzensische Erfahrung: drei Saisons als Mitarbeiterin auf Tourn\u00e9e mit dem Circus Monti.<\/p>\n<p>&nbsp;<\/p>\n<hr \/>\n<p>Sind auch Vorstandsmitglieder gewesen :<\/p>\n<p><strong>Denis Alber<\/strong> (2013 &gt; 2017)<br \/>\n<strong>Philipp Bo\u00eb<\/strong> (2015 &gt; 2021)<br \/>\n<strong>Romano Carrara <\/strong>(2020 &gt; 2022)<br \/>\n<strong>Eulalie Svetlana Henchoz <\/strong>\u00a0(2024)<br \/>\n<strong>Stefan Hort<\/strong> (2013 &gt; 2021)<br \/>\n<strong>Fanny Hugo<\/strong> (2013 &gt; 2016)<br \/>\n<strong>Roman M\u00fcller <\/strong>(2015 &gt; 2022)<br \/>\n<strong>Sarah Simili <\/strong>(2013 &gt; 2018)<br \/>\n<strong>Jennifer Skolovski<\/strong> (2013 &gt; 2021)<br \/>\n<strong>Jonas Slanzi <\/strong>(2018 &gt; 2022)<br \/>\n<strong>Kathrin Walde <\/strong>(2021 &gt; 2024)<br \/>\n<strong>Greg Zavialoff<\/strong> (2021 &gt; 2023)<\/p>\n","protected":false},"excerpt":{"rendered":"<div class=\"mh-excerpt\"><p>Der Vorstand Max Gnant (seit 2021) Freischaffender Schauspieler (2019 und 2020 beim Zirkus Chnopf) und Produzent aus Z\u00fcrich. Ausbildung an der Accademia Teatro Dimitri und der Theaterakademie Vorpommern. Engagements am TOBS Biel\/Solothurn, der Vorpommerschen Landesb\u00fchne, <a class=\"mh-excerpt-more\" href=\"https:\/\/procirque.ch\/de\/verband\/vorstand\/\" title=\"Der Vorstand ProCirque\">[&#8230;]<\/a><\/p>\n<\/div>","protected":false},"author":1,"featured_media":4292,"parent":1934,"menu_order":0,"comment_status":"closed","ping_status":"closed","template":"","meta":{"_mc_calendar":[],"footnotes":""},"class_list":["post-1967","page","type-page","status-publish","has-post-thumbnail"],"_links":{"self":[{"href":"https:\/\/procirque.ch\/de\/wp-json\/wp\/v2\/pages\/1967\/"}],"collection":[{"href":"https:\/\/procirque.ch\/de\/wp-json\/wp\/v2\/pages\/"}],"about":[{"href":"https:\/\/procirque.ch\/de\/wp-json\/wp\/v2\/types\/page\/"}],"author":[{"embeddable":true,"href":"https:\/\/procirque.ch\/de\/wp-json\/wp\/v2\/users\/1\/"}],"replies":[{"embeddable":true,"href":"https:\/\/procirque.ch\/de\/wp-json\/wp\/v2\/comments\/?post=1967"}],"version-history":[{"count":26,"href":"https:\/\/procirque.ch\/de\/wp-json\/wp\/v2\/pages\/1967\/revisions\/"}],"predecessor-version":[{"id":6000,"href":"https:\/\/procirque.ch\/de\/wp-json\/wp\/v2\/pages\/1967\/revisions\/6000\/"}],"up":[{"embeddable":true,"href":"https:\/\/procirque.ch\/de\/wp-json\/wp\/v2\/pages\/1934\/"}],"wp:featuredmedia":[{"embeddable":true,"href":"https:\/\/procirque.ch\/de\/wp-json\/wp\/v2\/media\/4292\/"}],"wp:attachment":[{"href":"https:\/\/procirque.ch\/de\/wp-json\/wp\/v2\/media\/?parent=1967"}],"curies":[{"name":"wp","href":"https:\/\/api.w.org\/{rel}","templated":true}]}}

<h2 style="color: #08415c;">Der Vorstand</h2>
<p><strong><img loading="lazy" decoding="async" class="wp-image-4370 alignright" src="https://procirque.ch/wp-content/uploads/2021/02/max-150x150.jpg" alt="" width="90" height="90" srcset="https://procirque.ch/wp-content/uploads/2021/02/max-150x150.jpg 150w, https://procirque.ch/wp-content/uploads/2021/02/max.jpg 240w" sizes="auto, (max-width: 90px) 100vw, 90px" />Max Gnant</strong> (seit 2021)<br />
Freischaffender Schauspieler (2019 und 2020 beim <a href="https://chnopf.ch/">Zirkus Chnopf</a>) und Produzent aus Zürich. Ausbildung an der <a href="https://www.accademiadimitri.ch/">Accademia Teatro Dimitri</a> und der Theaterakademie Vorpommern. Engagements am <a href="https://www.tobs.ch/">TOBS</a> Biel/Solothurn, der Vorpommerschen Landesbühne, dem Berliner Kriminaltheater, dem Theater an der Rott und dem Theater Heidelberg.</p>
<p><strong>David Melendy</strong><img loading="lazy" decoding="async" class="alignright wp-image-5613" src="https://procirque.ch/wp-content/uploads/2024/06/David-Melendy3-copyright-Konstantin-Demeter-150x150.jpg" alt="" width="93" height="93" /> est né en Californie en 1990. Il étudie le clown au San Francisco Circus Center et accompli un bachelor en Théâtre de mouvement à l’Académie Dimitri au Tessin en 2012. En dehors de son activité dans la <a href="https://lesdiptik.com/la-compagnie/">Cie Les Diptik</a>, David a joué avec le Zirkus Fahraway (CH) en 2016, a fait la modération pour différents événements (World Theater Day à UNESCO, Remise des Prix Suisses des la Scène 2022), donne régulièrement des cours de clowns et fait des mises en scène. En 2020, il a achevé son master à l’Académie Dimitri et en 2024, a obtenu la nationalité suisse.</p>
<p><strong><img loading="lazy" decoding="async" class="wp-image-4367 alignright" src="https://procirque.ch/wp-content/uploads/2021/02/mario-150x150.jpg" alt="" width="90" height="90" srcset="https://procirque.ch/wp-content/uploads/2021/02/mario-150x150.jpg 150w, https://procirque.ch/wp-content/uploads/2021/02/mario.jpg 240w" sizes="auto, (max-width: 90px) 100vw, 90px" />Mario Muntwyler</strong> (seit 2021)<br />
Artist, ausgebildeter Kaufmann und seit vielen Jahren im Familienunternehmen, der <a href="https://circus-monti.ch/">Circus Monti</a> AG, tätig. Seit einigen Jahren vor allem im administrativen Bereich, verantwortlich für die Bereiche Finanzen und EDV wie auch weiteren Arbeiten im Büro. Nebenbei weiterhin als Jongleur auf der Bühne.</p>
<p><strong><img loading="lazy" decoding="async" class="wp-image-4373 alignright" src="https://procirque.ch/wp-content/uploads/2021/02/nina-150x150.jpg" alt="" width="90" height="90" srcset="https://procirque.ch/wp-content/uploads/2021/02/nina-150x150.jpg 150w, https://procirque.ch/wp-content/uploads/2021/02/nina.jpg 240w" sizes="auto, (max-width: 90px) 100vw, 90px" />Nina Pigné </strong>(seit 2016)<br />
Attrice, regista, co-fondatrice del <a href="http://www.spettatori.net" target="_blank" rel="noopener noreferrer">Collettivo Spettatori</a>, programmatrice del <a href="http://www.plusqile.ch" target="_blank" rel="noopener noreferrer">plusQ&#8217;île</a> festival a Bienne (CH), diplomata della Scuola Teatro Dimitri (CH), formata alla Scuola di circo CODARTS a Rotterdam (NL), istruttrice di Pilates.</p>
<p><strong>Sarah Simili</strong> (2013&gt;2018 ; depuis 2024)<img loading="lazy" decoding="async" class="wp-image-5631 alignright" src="https://procirque.ch/wp-content/uploads/2024/06/Sarah-150x150.png" alt="" width="91" height="91" /><br />
Artiste de cirque, pédagogue, chercheuse. Directrice artistique de la compagnie valaisanne <a href="https://labocirque.wixsite.com/labocirque/">Courant d’Cirque</a>, des projet(s) encirqué, du <a href="https://labocirque.wixsite.com/labocirque/">LABO’Cirque</a> et de la rencontre internationale de jeunes artistes <a href="https://www.axecirque.com/">Axé Cirque</a>. Co-directrice du projet reboot &#8211; cirque et transmission.<strong> </strong></p>
<h2 style="color: #08415c;">Die Koordinatorin</h2>
<p><b>Silvan Rechsteiner (depuis 2025)</b><br />
Ausgebildeter Kaufmann und Bühnenautor. Silvan schreibt Texte fürs Theater und leitet Theaterproduktionen.</p>
<p><b>Irene Mathys </b>(seit 2022)<img loading="lazy" decoding="async" class="alignright wp-image-4638" src="https://procirque.ch/wp-content/uploads/2022/03/Foto-Irene-225x300.jpg" alt="" width="85" height="113" srcset="https://procirque.ch/wp-content/uploads/2022/03/Foto-Irene-225x300.jpg 225w, https://procirque.ch/wp-content/uploads/2022/03/Foto-Irene-768x1024.jpg 768w, https://procirque.ch/wp-content/uploads/2022/03/Foto-Irene-1152x1536.jpg 1152w, https://procirque.ch/wp-content/uploads/2022/03/Foto-Irene-1536x2048.jpg 1536w, https://procirque.ch/wp-content/uploads/2022/03/Foto-Irene-scaled.jpg 1920w" sizes="auto, (max-width: 85px) 100vw, 85px" /><br />
Ausgebildete Kauffrau und Buchhändlerin. Zirzensische Erfahrung: drei Saisons als Mitarbeiterin auf Tournée mit dem Circus Monti.</p>
<p>&nbsp;</p>
<hr />
<p>Sind auch Vorstandsmitglieder gewesen :</p>
<p><strong>Denis Alber</strong> (2013 &gt; 2017)<br />
<strong>Philipp Boë</strong> (2015 &gt; 2021)<br />
<strong>Romano Carrara </strong>(2020 &gt; 2022)<br />
<strong>Eulalie Svetlana Henchoz </strong> (2024)<br />
<strong>Stefan Hort</strong> (2013 &gt; 2021)<br />
<strong>Fanny Hugo</strong> (2013 &gt; 2016)<br />
<strong>Roman Müller </strong>(2015 &gt; 2022)<br />
<strong>Sarah Simili </strong>(2013 &gt; 2018)<br />
<strong>Jennifer Skolovski</strong> (2013 &gt; 2021)<br />
<strong>Jonas Slanzi </strong>(2018 &gt; 2022)<br />
<strong>Kathrin Walde </strong>(2021 &gt; 2024)<br />
<strong>Greg Zavialoff</strong> (2021 &gt; 2023)</p>

<div class="mh-excerpt"><p>Der Vorstand Max Gnant (seit 2021) Freischaffender Schauspieler (2019 und 2020 beim Zirkus Chnopf) und Produzent aus Zürich. Ausbildung an der Accademia Teatro Dimitri und der Theaterakademie Vorpommern. Engagements am TOBS Biel/Solothurn, der Vorpommerschen Landesbühne, <a class="mh-excerpt-more" href="https://procirque.ch/de/verband/vorstand/" title="Der Vorstand ProCirque">[&#8230;]</a></p>
</div>
